{"id":1151,"date":"2023-11-21T14:49:02","date_gmt":"2023-11-21T17:49:02","guid":{"rendered":"https:\/\/isabelleanchieta.com\/cursos\/?page_id=1151"},"modified":"2023-11-24T16:56:18","modified_gmt":"2023-11-24T19:56:18","slug":"termos-de-uso","status":"publish","type":"page","link":"https:\/\/isabelleanchieta.com\/cursos\/termos-de-uso\/","title":{"rendered":"Termos de Uso"},"content":{"rendered":"<div class=\"flex flex-grow flex-col max-w-full gap-3 gizmo:gap-0\">\n<div class=\"text-message flex flex-col items-start gap-3 whitespace-pre-wrap break-words [.text-message+&amp;]:mt-5 overflow-x-auto\" data-message-author-role=\"assistant\" data-message-id=\"1b5817f4-bd41-4ef7-a53f-c35247af5227\">\n<div class=\"markdown prose w-full break-words dark:prose-invert light\">\n<div class=\"flex flex-grow flex-col max-w-full gap-3 gizmo:gap-0\">\n<div class=\"min-h-[20px] text-message flex flex-col items-start gap-3 whitespace-pre-wrap break-words [.text-message+&amp;]:mt-5 overflow-x-auto\" data-message-author-role=\"assistant\" data-message-id=\"ce0b46c3-81bd-47b8-bea1-9fdcca8ff299\">\n<div class=\"markdown prose w-full break-words dark:prose-invert light\">\n<p><strong>TERMOS DE USO DE ISABELLE ANCHIETA<\/strong><\/p>\n<p>Este documento estabelece os &#8220;Termos e Condi\u00e7\u00f5es de Uso do Portal Isabelle Anchieta&#8221;, delineando as diretrizes essenciais para os direitos e responsabilidades relacionados ao acesso e utiliza\u00e7\u00e3o do site e ambiente virtual dispon\u00edvel em <a href=\"https:\/\/isabelleanchieta.com.br\/\" target=\"_new\" rel=\"noopener\">https:\/\/isabelleanchieta.com.br\/<\/a>. As cl\u00e1usulas a seguir detalham os pontos cruciais:<\/p>\n<p><strong>DEFINI\u00c7\u00d5ES<\/strong><\/p>\n<ul>\n<li><strong>Conte\u00fado:<\/strong> Engloba todo o material disponibilizado no website\/plataforma, incluindo videoaulas, textos, artigos, entre outros..<\/li>\n<li><strong>Cursos:<\/strong> Incluem videoaulas e cursos oferecidos por Isabelle Anchieta.<\/li>\n<li><strong>Portal\/Plataforma:<\/strong> Ambiente virtual de dom\u00ednio de Isabelle Anchieta destinado aos alunos\/usu\u00e1rios que adquiriram os cursos oferecidos.<\/li>\n<li><strong>Pol\u00edtica de Privacidade:<\/strong> Documento explicativo sobre os dados pessoais coletados no acesso ao Portal\/Plataforma.<\/li>\n<li><strong>Termos de Uso:<\/strong> Regras contidas neste documento que governam os termos e condi\u00e7\u00f5es de uso do Portal\/Plataforma.<\/li>\n<li><strong>Aluno:<\/strong> Usu\u00e1rio que est\u00e1 realizando curso(s) oferecido(s) por Isabelle Anchieta.<\/li>\n<li><strong>Usu\u00e1rio(s):<\/strong> Termo para pessoas que acessam o Portal\/Plataforma de Isabelle Anchieta para adquirir um produto ou servi\u00e7o.<\/li>\n<\/ul>\n<p><strong>OBJETO<\/strong><\/p>\n<ul>\n<li>Estabelecer as formas e condi\u00e7\u00f5es de utiliza\u00e7\u00e3o do Portal.<\/li>\n<li>Definir os direitos e obriga\u00e7\u00f5es relacionados \u00e0 contrata\u00e7\u00e3o dos cursos oferecidos por Isabelle Anchieta.<\/li>\n<li>Fornecer cursos em formato digital aos alunos, acessados pelo Portal: <a href=\"https:\/\/isabelleanchieta.com.br\/\" target=\"_new\" rel=\"noopener\">https:\/\/isabelleanchieta.com.br\/<\/a>.<\/li>\n<li>Possibilitar, dependendo do curso, acesso a sess\u00f5es de mentoria conforme definido no pacote do curso e agenda disponibilizada na plataforma.<\/li>\n<\/ul>\n<p><strong>ACEITA\u00c7\u00c3O<\/strong><\/p>\n<ul>\n<li>A aceita\u00e7\u00e3o destes Termos de Uso ocorre ao clicar no bot\u00e3o \u201cEu li e concordo\u201d no momento do cadastro ou durante a navega\u00e7\u00e3o e utiliza\u00e7\u00e3o do Portal\/Plataforma.<\/li>\n<li>Ao acessar e cadastrar-se no Portal, o Usu\u00e1rio declara ser maior de 18 anos e civilmente capaz de compreender, aceitar e cumprir este Termo de Uso.<\/li>\n<li>Em caso de d\u00favidas, recomenda-se que o Usu\u00e1rio\/Aluno entre em contato com Isabelle Anchieta antes de aceitar.<\/li>\n<\/ul>\n<p><strong>CONDI\u00c7\u00d5ES GERAIS PARA ACESSO E USO DO PORTAL\/PLATAFORMA<\/strong><\/p>\n<ul>\n<li>O acesso \u00e0 Plataforma \u00e9 concedido ap\u00f3s o preenchimento completo dos dados cadastrais, exigindo a inser\u00e7\u00e3o de todas as informa\u00e7\u00f5es solicitadas para criar um login e senha.<\/li>\n<li>O Usu\u00e1rio \u00e9 respons\u00e1vel pelas informa\u00e7\u00f5es fornecidas no cadastro, comprometendo-se a manter atualizadas as informa\u00e7\u00f5es pessoais e de contato.<\/li>\n<li>Caso sejam identificadas informa\u00e7\u00f5es incorretas ou inver\u00eddicas no cadastro, Isabelle Anchieta reserva-se o direito de cancelar o acesso do Usu\u00e1rio.<\/li>\n<li>A seguran\u00e7a da senha \u00e9 responsabilidade exclusiva do Usu\u00e1rio, que n\u00e3o deve compartilh\u00e1-la. Em caso de suspeita de conhecimento por terceiros, o Usu\u00e1rio deve comunicar imediatamente a Isabelle Anchieta para substitui\u00e7\u00e3o das informa\u00e7\u00f5es de acesso.<\/li>\n<li>A aquisi\u00e7\u00e3o do Curso concede ao Usu\u00e1rio o status de Aluno, permitindo o acesso \u00e0s videoaulas conforme cronograma, exclusivamente no Portal\/Plataforma.<\/li>\n<li>A transmiss\u00e3o do Curso ao Aluno \u00e9 restrita ao Portal\/Plataforma, sendo proibido armazenar, fazer download ou gravar as videoaulas.<\/li>\n<li>Isabelle Anchieta n\u00e3o disponibiliza videoaulas em DVDs ou outros dispositivos de armazenamento, restringindo o acesso ao Conte\u00fado somente pelo Portal\/Plataforma.<\/li>\n<li>O servi\u00e7o depende de fatores externos, incluindo servidores e servi\u00e7os de terceiros, e a adequa\u00e7\u00e3o dos equipamentos do Usu\u00e1rio. Este deve observar os requisitos m\u00ednimos para o acesso ao servi\u00e7o.<\/li>\n<\/ul>\n<p><strong>NORMAS DE CONDUTA E PROTE\u00c7\u00c3O \u00c0 PROPRIEDADE INTELECTUAL<\/strong><\/p>\n<ul>\n<li>O Usu\u00e1rio concorda em cumprir a legisla\u00e7\u00e3o brasileira e as regras de Isabelle Anchieta, abstendo-se de produzir, reproduzir, disponibilizar, divulgar ou transmitir conte\u00fado que viole normas legais ou \u00e9ticas.<\/li>\n<li>O acesso a \u00e1reas restritas \u00e9 permitido apenas aos Usu\u00e1rios devidamente cadastrados, usando login e senha.<\/li>\n<li>Todo conte\u00fado no Portal\/Plataforma, incluindo marcas, logotipos, v\u00eddeos, textos, entre outros, \u00e9 propriedade exclusiva de Isabelle Anchieta, protegido por leis e tratados internacionais. Qualquer viola\u00e7\u00e3o sujeitar\u00e1 os infratores a san\u00e7\u00f5es civis e criminais conforme as leis 9.279\/96, 9.610\/98 e 9.609\/98.<\/li>\n<\/ul>\n<p><strong>EXCLUS\u00c3O DE GARANTIAS E RESPONSABILIDADE DE ISABELLE ANCHIETA<\/strong><\/p>\n<ul>\n<li>Isabelle Anchieta n\u00e3o ser\u00e1 respons\u00e1vel por danos decorrentes da interrup\u00e7\u00e3o do acesso ao Portal\/Plataforma ou falhas em seu funcionamento.<\/li>\n<li>Altera\u00e7\u00f5es no Portal\/Plataforma podem ser feitas por Isabelle Anchieta sem anu\u00eancia do Usu\u00e1rio, sem que seja devida qualquer indeniza\u00e7\u00e3o.<\/li>\n<\/ul>\n<\/div>\n<\/div>\n<\/div>\n<div class=\"flex justify-between empty:hidden gizmo:mt-1 gizmo:justify-start gizmo:gap-3 lg:block gizmo:lg:flex\">\n<div class=\"text-gray-400 flex self-end lg:self-center justify-center gizmo:lg:justify-start mt-2 gizmo:mt-0 visible gap-1\"><\/div>\n<\/div>\n<\/div>\n<\/div>\n<\/div>\n<div class=\"flex justify-between empty:hidden gizmo:mt-1 gizmo:justify-start gizmo:gap-3 lg:block gizmo:lg:flex\">\n<div class=\"text-gray-400 flex self-end lg:self-center justify-center gizmo:lg:justify-start mt-2 gizmo:mt-0 visible gap-1\"><\/div>\n<\/div>\n","protected":false},"excerpt":{"rendered":"<p>TERMOS DE USO DE ISABELLE ANCHIETA Este documento estabelece os &#8220;Termos e Condi\u00e7\u00f5es de Uso do Portal Isabelle Anchieta&#8221;, delineando as diretrizes essenciais para os direitos e responsabilidades relacionados ao&nbsp;<a href=\"https:\/\/isabelleanchieta.com\/cursos\/termos-de-uso\/\">&hellip;<\/a><\/p>\n","protected":false},"author":1,"featured_media":0,"parent":0,"menu_order":0,"comment_status":"closed","ping_status":"closed","template":"","meta":{"footnotes":""},"class_list":["post-1151","page","type-page","status-publish","hentry","odd"],"_links":{"self":[{"href":"https:\/\/isabelleanchieta.com\/cursos\/wp-json\/wp\/v2\/pages\/1151","targetHints":{"allow":["GET"]}}],"collection":[{"href":"https:\/\/isabelleanchieta.com\/cursos\/wp-json\/wp\/v2\/pages"}],"about":[{"href":"https:\/\/isabelleanchieta.com\/cursos\/wp-json\/wp\/v2\/types\/page"}],"author":[{"embeddable":true,"href":"https:\/\/isabelleanchieta.com\/cursos\/wp-json\/wp\/v2\/users\/1"}],"replies":[{"embeddable":true,"href":"https:\/\/isabelleanchieta.com\/cursos\/wp-json\/wp\/v2\/comments?post=1151"}],"version-history":[{"count":6,"href":"https:\/\/isabelleanchieta.com\/cursos\/wp-json\/wp\/v2\/pages\/1151\/revisions"}],"predecessor-version":[{"id":1175,"href":"https:\/\/isabelleanchieta.com\/cursos\/wp-json\/wp\/v2\/pages\/1151\/revisions\/1175"}],"wp:attachment":[{"href":"https:\/\/isabelleanchieta.com\/cursos\/wp-json\/wp\/v2\/media?parent=1151"}],"curies":[{"name":"wp","href":"https:\/\/api.w.org\/{rel}","templated":true}]}}